rs of x(-2).
23
Let s = 180 + -128. Let d = -28 + s. Suppose -5*p = -d - 1. What are the prime factors of p?
5
Suppose 5*t - 4*c = 3*t + 40, -t = 5*c + 15. List the prime factors of t.
2, 5
Suppose -d = 1 - 5. Suppose 2*l = 14 - d. What are the prime factors of l?
5
Let r(a) be the third derivative of -a**5/60 - 7*a**4/24 - 2*a**3/3 + a**2. Let y(s) = -2*s + 1. Let g be y(2). List the prime factors of r(g).
2
Let o = 38 + 0. Suppose 1 = -5*g - 3*a + 23, 0 = g + a - 4. Suppose -5*l + g*c - 4*c + o = 0, 4*c - 16 = -4*l. What are the prime factors of l?
7
Suppose a + 16 = 27. List the prime factors of a.
11
Suppose -5*a = -3*r - r + 28, 3*r - 3*a - 21 = 0. Let v(d) = d**2 - 7*d + 8. List the prime factors of v(r).
2
Let k(y) = 31*y. List the prime factors of k(1).
31
Let s(o) = o**3 - 4*o**2 + 2*o - 5. Let w(x) = -2*x - 2. Let q be w(-6). Let a be 15/6*16/q. List the prime factors of s(a).
3
List the prime factors of 2*4/(-4)*-29.
2, 29
Let j = -85 - -169. List the prime factors of j.
2, 3, 7
Suppose 0 = i - 331 + 71. List the prime factors of i.
2, 5, 13
Suppose -73 = 5*z - 13. Suppose -5*v + 17 = f + f, -5*v + 14 = -f. Let m = v - z. List the prime factors of m.
3, 5
Let w(y) = -3*y - 4. Let c = 1 - 5. What are the prime factors of w(c)?
2
Suppose 2*p - 7*p = -10. Suppose -42 = -3*v + 4*i, -p*i - 6 = -3*v + 36. What are the prime factors of v?
2, 7
Let j = -9 + 13. Suppose -o + 4*o + j*x = 233, -5*x + 25 = 0. What are the prime factors of o/4 + 3/12?
2, 3
Let l be (3/(-2))/((-9)/24). Let i(q) = 2*q**2 - 7*q + 4. Let r be i(l). Suppose -4*t + 2*h + 47 = 3*h, t = -4*h + r. List the prime factors of t.
2, 3
Let v be 4 + 1*(2 - 4). Suppose -v*c = -c. Let o = 4 - c. List the prime factors of o.
2
Suppose -2*h = -h. Suppose 0 = c + 4*c - 4*b - 74, -c + 3*b + 17 = h. Suppose -5*g = 4*r - c, 18 = 5*g + 3*r + 5. What are the prime factors of g?
2
Suppose y = -26 + 81. List the prime factors of y.
5, 11
Let w(x) = -6*x**3 + 1. Let o be w(1). Let v(g) = g + 6. Let t be v(o). Suppose 2*z = 2*q - 12, 0 = z + t + 1. What are the prime factors of q?
2
Let p be (-2)/(-5) + (-396)/(-10). Suppose 4*a + 5*l = p, 0*a - a = 3*l - 10. List the prime factors of a.
2, 5
Let b be ((-6)/(-15))/(1/5). Suppose 2*o = b*s - 32, -4*o - 5 = -2*s + 35. List the prime factors of s.
2, 3
Let o(c) = 7*c - 31. What are the prime factors of o(9)?
2
Let g = 7 + 0. Suppose b - 49 = -g. List the prime factors of b.
2, 3, 7
Let s = 12 - 72. Let u be 2/(-7) - s/14. Suppose -k = 5*z - 16, -9 - 2 = -5*z + u*k. What are the prime factors of z?
3
Let y be 19/(-5) - (-1)/(-5). Let c = 20 + y. List the prime factors of c.
2
Let c(i) = 12*i**3 + i**2 + 2*i. What are the prime factors of c(2)?
2, 13
Let x(j) = 6*j**2 - 6*j + 11. Let t(n) = -7*n**2 + 6*n - 12. Let s(o) = 5*t(o) + 6*x(o). List the prime factors of s(7).
13
Let y(b) = 3*b - 2. Let q be y(4). Suppose 4*h = c - 4 - q, 0 = -5*c - 3*h + 24. Suppose -4*a = 2*o - c - 4, 0 = o + 1. What are the prime factors of a?
3
Suppose -7 = -r + 3*m, r + 0*r - 5*m - 9 = 0. Suppose f - 5*i + 2*i - 7 = 0, -5*f - r*i - 3 = 0. What are the prime factors of (4 - 2)*f + 10?
2, 3
Let o(b) = b**3 + 4*b**2 - b - 2. Let f be o(-4). Let p(t) = 7*t + t**f - 3*t + 6*t + 12. List the prime factors of p(-9).
3
Let x be 338/8 + 5/(-20). Let d = x + -25. What are the prime factors of d?
17
Let c(w) = 4*w**2 + 6*w + 2. Let i be c(-2). What are the prime factors of 58/4 - (-3)/i?
3, 5
Let u(p) = -p**2 - 8*p - 7. Let i(x) = x**2 + 9*x + 8. Let t(z) = -4*i(z) - 5*u(z). What are the prime factors of t(-4)?
3
Suppose c = 6*c - 600. List the prime factors of c.
2, 3, 5
Let s = 128 + -92. List the prime factors of s.
2, 3
Suppose f + 9 = 181. What are the prime factors of f?
2, 43
Let b(j) = 11*j**3 - 5*j**2 - j + 5. Let t(v) = -v**3 + v**2 - 1. Let m(x) = -b(x) - 4*t(x). Let p be m(1). Let w(a) = -3*a - 7. List the prime factors of w(p).
11
Let t = 9 + -10. Let p = 23 + -12. Let y = p + t. What are the prime factors of y?
2, 5
Suppose -3 - 1 = -i. Let j = i - 2. Suppose 3*r - k - 8 = -j*k, -3*k - 12 = 0. List the prime factors of r.
2
Suppose 10 = -5*b, -5*c - 2*b + 11 = -0*c. Let o = 11 + c. List the prime factors of o.
2, 7
Suppose 0 = -0*d - 3*d - 4*l + 60, d + l = 19. Let h(c) = -2*c. Let g be h(5). Let y = g + d. List the prime factors of y.
2, 3
Suppose z + 0 = 4. Suppose z*w + 1 - 81 = 0. List the prime factors of w.
2, 5
Let t be (5/4)/(1/(-4)). Let c(n) = n**2 + n. List the prime factors of c(t).
2, 5
Suppose -k = -3*d + 3, -4*d = 4*k - 3*k + 3. Suppose 0*a - a - 3 = 0. List the prime factors of ((-14)/k)/((-2)/a).
7
Let r be 3/9 + 20/3. Let x = -2 + 2. Suppose 4*f - 1 - r = x. What are the prime factors of f?
2
Suppose 0*n - 2 = -n + 4*b, -2*n + 4 = 5*b. Let c be 8/(-12) + n/3. Suppose 5 = -5*i, c = -0*f + 5*f + i - 29. What are the prime factors of f?
2, 3
Suppose 3*w + z - 2 = 0, 2*z + 0 = 5*w - 18. What are the prime factors of w?
2
Let l be (-1)/(-4) + (-22)/(-8). Let v(n) = 8*n + 6. List the prime factors of v(l).
2, 3, 5
Suppose 45 = 7*t - 2*t. Let q(w) = w**3 - 10*w**2 + 8*w + 12. What are the prime factors of q(t)?
3
Let f(o) = -o**2 - 9*o - 10. Let y be f(-7). Suppose -y*r + 79 - 23 = -2*v, r - v - 12 = 0. What are the prime factors of r?
2
What are the prime factors of (-12)/(-5)*(-120)/(-18)?
2
Suppose 0 = -7*j + 40 + 541. List the prime factors of j.
83
Suppose 31 = 5*j + 6. Suppose -10 = -2*l + 2*v + v, -l = v - j. Suppose -3*s + 17 = o - 0*s, 2*o - l*s + 21 = 0. List the prime factors of o.
2
Suppose 0 = 5*b - 778 - 12. What are the prime factors of b?
2, 79
Suppose 625 = 4*d + 5*z, 9*d = 4*d - 3*z + 778. List the prime factors of d.
5, 31
Suppose -2*j + 30 = 3*j. List the prime factors of (6/5)/(j/220).
2, 11
Let m = -12 - -17. Suppose 3*x + x - 1 = 3*r, -m*r - 2*x + 33 = 0. Let w = 13 - r. List the prime factors of w.
2
Suppose 0 = -p + v + 229, -5*v = -p - v + 232. List the prime factors of p.
2, 3, 19
Suppose 4*b = 3 - 7. Let m be 2 + -1 + (b - -2). Suppose -m*w - 1 = -5*i - 0, 5*i - 9 = -2*w. What are the prime factors of w?
2
Let z be (0 + 3)/(15/(-10)). What are the prime factors of (5/4)/(z/(-48))?
2, 3, 5
What are the prime factors of (-36)/10*(-10)/4 + 3?
2, 3
What are the prime factors of ((-140)/(-8))/((-3)/(-6))?
5, 7
Let f = -38 - -57. What are the prime factors of f?
19
Let a(b) = -b + 1. Let w be a(-4). Suppose 0 = -5*d - 5, 0 = -2*k + w*d + 99 - 30. What are the prime factors of k?
2
Let r(c) = -c**3 + 3*c**2 - c + 3. Let s be r(3). List the prime factors of (s - -12)*4 + 0.
2, 3
List the prime factors of 18 + (-1)/(2/(-6)).
3, 7
Suppose q = -3*w + 4*q + 24, -4*w + q = -20. Let h = w - 3. Let b = 9 - h. What are the prime factors of b?
2
Suppose 9*f - 32 = 5*f. What are the prime factors of f?
2
Let q(c) = -c + 0 + 1 + 0*c**2 - 4*c**2. Let v be q(1). Let g = v + 15. List the prime factors of g.
11
Let n = 6 - -43. List the prime factors of n.
7
Suppose 4*t - 4*k + 55 = -13, k = 2*t + 34. Let z = t - -29. List the prime factors of z.
2, 3
Let x(y) be the second derivative of -y**5/20 - 11*y**4/12 - 5*y**3/3 - 15*y**2/2 - 2*y. Let b be x(-10). What are the prime factors of (-185)/b + 2/(-6)?
2, 3
Suppose 5*t + 5*r = 45, 2*r - 6*r + 12 = -2*t. Suppose -2 = -a - t. List the prime factors of (2 - (a + 3)) + 7.
2
Let g(m) = m**3 - 3*m**2 + 5*m - 3. What are the prime factors of g(3)?
2, 3
Let t(g) be the third derivative of -g**4/8 + g**3/6 + g**2. Let j be t(1). List the prime factors of ((-11)/j)/(4/8).
11
Suppose 0 = -o + s + 4*s + 60, 4*o - 4*s - 160 = 0. List the prime factors of o.
5, 7
Let x = -151 + 284. List the prime factors of x.
7, 19
Let d(f) = -2 + 12 + 13 + f - 7. Let l be d(-7). List the prime factors of (-1)/(l/12 - 1).
2
Suppose 0 = 3*f - 185 + 65. Let b = f - 10. What are the prime factors of b?
2, 3, 5
Let c = 55 - 33. What are the prime factors of c?
2, 11
Let y be (0 - 1)/((-2)/4). What are the prime factors of (1/y)/(1/24)?
2, 3
Let s = 47 - 10. What are the prime factors of s?
37
Suppose 5*g + 3*n = 2 + 4, 5*n + 15 = 0. Let h be 3 - (-3)/(g/2). Suppose 4*l - 3*k + 2 = 69, 0 = 5*l + h*k - 40. List the prime factors of l.
13
Let c = 115 - -82. What are the prime factors of c?
197
Let i(s) = s + 7. Let u be i(-4)